3 prime?
True
Is 2353760135 a prime number?
False
Is 5340728567 prime?
False
Is 166761059471 a prime number?
False
Is 724920769 a composite number?
False
Is 280944871 prime?
False
Is 2117771857 composite?
True
Is 2902122583 a composite number?
True
Is 2921790449 composite?
True
Is 150939571 a prime number?
True
Is 3746628701 a composite number?
True
Is 9407841277 prime?
True
Is 677371571 prime?
True
Is 100281361 a composite number?
False
Is 41722333 composite?
False
Is 4592313373 composite?
False
Is 5312798123 composite?
True
Is 78277737 composite?
True
Is 5741401529 a prime number?
False
Is 164326609 a prime number?
True
Is 89981483 prime?
False
Is 2280102889 composite?
False
Is 568799671 prime?
False
Is 15629551837 prime?
True
Is 645893293 a composite number?
True
Is 3548889229 composite?
False
Is 25832687 a prime number?
False
Is 1834740381 a composite number?
True
Is 558742133 a prime number?
True
Is 1519057727 prime?
False
Is 3127227373 a prime number?
False
Is 84641928673 a prime number?
False
Is 5465707207 a composite number?
False
Is 3763739119 a prime number?
False
Is 353563471 a composite number?
True
Is 13778401841 a composite number?
False
Is 48690345599 a composite number?
True
Is 605962733 a prime number?
False
Is 372671951 prime?
True
Is 474687623 composite?
False
Is 2357934569 prime?
True
Is 995667643 a composite number?
True
Is 1578114481 prime?
True
Is 5464109753 composite?
False
Is 11529994387 prime?
False
Is 47341659837 a prime number?
False
Is 2880512449 prime?
True
Is 226462493 prime?
True
Is 14071021651 composite?
False
Is 51012560623 a composite number?
True
Is 4585884947 a prime number?
False
Is 34273661 a composite number?
True
Is 3033444485 composite?
True
Is 2465925673 a prime number?
True
Is 1797458461 composite?
True
Is 32398403057 prime?
False
Is 40459941089 a prime number?
True
Is 4452657079 a composite number?
True
Is 58846181 prime?
True
Is 278681407 composite?
False
Is 6214289057 a composite number?
True
Is 70220138519 composite?
False
Is 3852747511 composite?
False
Is 10736734597 prime?
True
Is 2192948227 a composite number?
True
Is 1321156021 a composite number?
False
Is 21811298407 prime?
True
Is 1981955221 composite?
True
Is 857669083 a composite number?
False
Is 252898514303 a prime number?
True
Is 95032006931 a prime number?
True
Is 128251627037 prime?
False
Is 1956359462 a composite number?
True
Is 27156835841 a composite number?
False
Is 7999819507 composite?
True
Is 1666235537 a composite number?
False
Is 176381623 a prime number?
False
Is 80601290221 a prime number?
True
Is 6540824207 a composite number?
False
Is 1650463427 a prime number?
True
Is 28695662071 composite?
True
Is 2914783351 a prime number?
False
Is 13096366807 a composite number?
True
Is 1039398981 prime?
False
Is 414850157 composite?
False
Is 224993807 a composite number?
True
Is 12793147039 prime?
True
Is 71140244629 a composite number?
True
Is 17249111513 a prime number?
True
Is 3065665151 a prime number?
True
Is 48596677133 prime?
True
Is 173953481549 a prime number?
True
Is 71437450663 prime?
False
Is 2881726007 composite?
True
Is 438078757 a composite number?
False
Is 657653669 a composite number?
True
Is 1861261399 a prime number?
False
Is 77871961 a composite number?
False
Is 4951170467 a composite number?
True
Is 58871768785 prime?
False
Is 1986230009 composite?
False
Is 458086297 a composite number?
False
Is 293603837 prime?
False
Is 582169649 prime?
False
Is 5271731371 prime?
False
Is 36403084517 composite?
False
Is 11480288311 a composite number?
True
Is 3917222591 prime?
True
Is 47410105777 prime?
False
Is 3150629059 prime?
True
Is 21084949103 composite?
True
Is 57601755179 prime?
True
Is 4231366729 a prime number?
False
Is 13352966101 a composite number?
False
Is 66220918663 a prime number?
True
Is 90812143 a composite number?
False
Is 3478134469 a prime number?
False
Is 7038543517 a composite number?
True
Is 29795425273 prime?
False
Is 299230843 prime?
True
Is 5803897877 a composite number?
True
Is 128856173 composite?
False
Is 6449353061 composite?
False
Is 67326143 a composite number?
True
Is 6899355179 a prime number?
False
Is 582842641 a prime number?
False
Is 2981144651 a composite number?
False
Is 2141572141 composite?
True
Is 12262244627 a composite number?
False
Is 7852872617 a composite number?
False
Is 25844878379 prime?
True
Is 113607709 composite?
True
Is 667399849 a prime number?
True
Is 9079265287 a prime number?
False
Is 5182122431 prime?
False
Is 24398545 prime?
False
Is 397641259 a composite number?
True
Is 221504217981 composite?
True
Is 33053352559 prime?
False
Is 7596592739 composite?
False
Is 2633854901 a composite number?
False
Is 3245418751 composite?
False
Is 3636590381 prime?
False
Is 155577293 a composite number?
False
Is 234253813 composite?
False
Is 124328509 a composite number?
False
Is 15595000339 a prime number?
False
Is 12084188071 a prime number?
False
Is 9142955033 prime?
True
Is 39190322341 a prime number?
False
Is 911268229 composite?
True
Is 3976603559 a composite number?
False
Is 2934503987 a prime number?
False
Is 222332629 a composite number?
True
Is 79196697455 prime?
False
Is 3381722789 composite?
False
Is 916549 prime?
False
Is 10731653 a prime number?
False
Is 206438381 a prime number?
True
Is 7787201437 a prime number?
False
Is 638491823 a composite number?
True
Is 3828663967 prime?
True
Is 4820901007 prime?
False
Is 723214027 prime?
True
Is 1773739541 composite?
True
Is 549557741 a composite number?
False
Is 1292278517 a composite number?
False
Is 3815168471 prime?
False
Is 16998915097 prime?
True
Is 339397901 a composite number?
True
Is 96728307139 a prime number?
True
Is 12405243595 a composite number?
True
Is 46304586253 a prime number?
False
Is 31916534281 a composite number?
True
Is 8458759369 composite?
False
Is 1476327967 prime?
False
Is 931399741 a composite number?
True
Is 12118648771 a composite number?
False
Is 892508209 a composite number?
False
Is 3238468637 a composite number?
True
Is 28158467 a prime number?
False
Is 50659445207 a composite number?
True
Is 892796849 prime?
False
Is 2064471677 a prime number?
True
Is 1472907713 prime?
False
Is 42579701 a prime number?
True
Is 2058133579 a composite number?
True
Is 3173560727 a prime number?
False
Is 80225777 prime?
False
Is 2387246629 a composite number?
False
Is 716223671 a prime number?
False
Is 2226520591 a composite number?
True
Is 115085731 a composite number?
False
Is 865749761 a prime number?
False
Is 993573794 a prime number?
False
Is 22992548911 a prime number?
False
Is 59721695119 a composite number?
True
Is 64216859207 a prime number?
True
Is 11036756189 a prime number?
True
Is 1285849463 composite?
False
Is 966628451 prime?
False
Is 4821938587 composite?
False
Is 1605592327 composite?
False
Is 22420478411 prime?
True
Is 779429947 a prime number?
False
Is 14922826507 prime?
False
Is 40058416231 prime?
False
Is 263532877 a composite number?
False
Is 182534227 composite?
False
Is 6582979093 a composite number?
True
Is 15473530073 a composite number?
False
Is 1573415339 a composite number?
False
Is 11035494143 composite?
False
Is 43672489537 prime?
True
Is 1365447017 a prime number?
False
Is 728823841 composite?
True
Is 192986879 prime?
False
Is 5773243393 a prime number?
False
Is 84800500229 composite?
True
Is 112844111 a prime number?
False
Is 43632257333 a prime number?
False
Is 2813135305 a prime number?
False
Is 16173274841 composite?
False
Is 60884190893 composite?
False
Is 3680314501 prime?
True
Is 39643220153 composite?
False
Is 2018922511 a prime number?
True
Is 11550414587 a prime number?
True
Is 4276624271 a composite number?
True
Is 2099007811 composite?
True
Is 3384537569 a prime number?
False
Is 37776899 a composite number?
True
Is 887736257 a composite number?
False
Is 817775311 a composite number?
False
Is 213405289 a prime number?
True
Is 104243195801 a prime number?
False
Is 6974668237 composite?
False
Is 72674309 a composite number?
False
Is 2769275791 composite?
False
Is 13912432403 a composite number?
False
Is 641326504802 a prime number?
False
Is 5497232087 prime?
True
Is 5501082547 a composite number?
True
Is 31142077 prime?
True
Is 3704689 composite?
False
Is 28599181081 pri